 2*u, 3*u = -2*f + 18 + 111. Suppose -f + 8 = -5*v. Suppose 297 = -o + 4*o. What is the greatest common divisor of o and v?
11
Let n = -425 + 409. Let j(d) = -d**2 - 28*d - 93. Let w be j(n). Calculate the greatest common divisor of w and 66.
33
Suppose -5*p - 21108 = 4*n, 16899 = -3*p - p + n. Let h be p/(-11) + -1*1. Let v = -269 + h. Calculate the highest common factor of v and 19.
19
Suppose 0*a - 64537 = -54*a - 7729. Calculate the greatest common factor of a and 3945.
263
Suppose 2*z + 6*t = 7*t + 395, 0 = -3*z + 4*t + 605. What is the greatest common factor of z and 117?
39
Suppose 859*v = 864*v - 4*h - 1945, -4*h - 1175 = -3*v. What is the highest common divisor of v and 1463?
77
Suppose -m - 14 = -98. Let o be 1/(-1 + m/81). Let y be (-24)/18*((-2)/8 + -2) + 0. What is the greatest common divisor of o and y?
3
Let z be (0 - 0) + 3 + 33. Let g be ((110/33)/1)/((-2)/(-15)). Suppose z = g*r - 21*r. What is the greatest common divisor of r and 12?
3
Suppose -3*u = 2*y - 184 - 192, -5*y + 3*u = -856. Calculate the highest common divisor of y and 407.
11
Let s be (-14)/(-21) - (17400/(-9) - 24/(-4)). What is the greatest common divisor of 8 and s?
8
Let c be (-12 + 324/48)/(6/(-16)). Let i be 1 + (-3 + 14 - -2). Let t be i/49 - (-3650)/c. Calculate the highest common divisor of 29 and t.
29
Suppose -29*m = -302630 - 91016. Calculate the greatest common factor of m and 22.
22
Suppose 2*l - 3*b + 42 = 0, -4*l + 3*b - 84 = 5*b. Let m(z) = -7*z - 15. Let w be m(l). Calculate the greatest common divisor of 60 and w.
12
Suppose 23*y - 16218 = -30*y. What is the highest common divisor of y and 136?
34
Let y = 34 - 29. Let c(m) = 8*m**2 - m + 5. Suppose s - 4*j = -6, 2*s + j - 10 = -2*s. Let n be c(s). Calculate the highest common factor of n and y.
5
Let q be ((-12)/7)/(72/(-336)) - -153. Calculate the highest common factor of q and 161.
161
Let p be 924/6 + 0 + -2. Suppose -18 = 10*i - 8*i. Let b be 20 + ((-10)/6 - 6/i). Calculate the greatest common factor of b and p.
19
Let p be (12/4 + 0)*6. Let k be ((-11)/(176/60))/(2/(-24)). Suppose 15*x + k = 16*x. Calculate the greatest common divisor of p and x.
9
Suppose b + 6 + 173 = 0. Let f = 222 + b. Calculate the highest common divisor of 387 and f.
43
Let u(y) = y**2 - 29*y + 354. Let q be u(23). What is the greatest common divisor of q and 1170?
18
Let q be 126/(-54) - 60/9 - -28. What is the highest common factor of 12179 and q?
19
Let o be -194*4/16*-6. Let d = o - 286. Suppose -w - 4*w = -125. Calculate the highest common divisor of w and d.
5
Let u be (-1559520)/(-297) + 22 + (-12)/(-11). Calculate the highest common factor of u and 36.
18
Suppose 4*o - 43 - 309 = 0. Let u = o - 3. Let j be ((-34)/u)/((6/170)/(-3)). What is the greatest common factor of 85 and j?
17
Let p be (-4)/18 + ((-16)/12 - 676/(-18)). What is the highest common divisor of 12132 and p?
36
Suppose -5 = 2*n - n. Let c = 58 - n. Let j = -631 + 652. Calculate the highest common factor of c and j.
21
Let p = -2570 + 2822. Let x be 6/21 + (-376)/(-7). Suppose -76 = -3*o - 4*w, -2 + x = 2*o + 2*w. What is the greatest common divisor of p and o?
28
Suppose 4*g + 15 = 143. Suppose 7081 = 473*f - 8055. What is the greatest common divisor of g and f?
32
Let a(l) = -115*l + 3732. Let k be a(32). Calculate the highest common factor of 1846 and k.
26
Let l be 27 - ((-9)/3 - -2). Suppose 0 = -4*g - 2*q + 2788, -71*q - 3530 = -5*g - 66*q. Calculate the highest common divisor of l and g.
28
Suppose 0 = 7*j - 364 + 91. Suppose 0 = 34*v - j*v + 230. What is the greatest common factor of 115 and v?
23
Suppose -40*g = -7118 - 10642. Suppose -5*q = -4*i + g, 5*q - 146 = -i - 10. Calculate the greatest common divisor of 58 and i.
58
Let w(i) be the second derivative of -5*i**2 + 10*i - 25/3*i**3 + 0. Let l be w(-2). Calculate the highest common divisor of l and 20.
10
Suppose 2*m + 390 = 5*m. Suppose x + 2*w = -8, 2*x = -w + 1260 - 1249. What is the highest common divisor of m and x?
10
Suppose -a = -39 - 161. Suppose 0 = 3*x - 11*q - 112, 2*q - 16 = -x + 3*q. What is the highest common factor of x and a?
8
Let a be -13 - (-13)/(117/4086). Calculate the highest common divisor of a and 63.
63
Suppose -817 + 98 = 4*k + v, -5 = -5*v. Let z be (-140)/(12/(-3))*k/(-42). What is the highest common factor of 6 and z?
6
Suppose -26*p + 564 + 2556 = 0. What is the greatest common divisor of p and 30?
30
Let t = 602 + -420. Suppose -5*a + 3*f = -t, -f - 116 = -4*a - 6*f. What is the highest common factor of 34 and a?
34
Suppose 3*n - 9936 = -5*g, -16*n - 1998 = -g - 13*n. Calculate the highest common factor of g and 26.
13
Let g be 106*55*(-11)/(-23 + 1). What is the greatest common factor of 33 and g?
11
Let q be 72 + -56 + (2 - -3150). What is the greatest common divisor of q and 128?
32
Let n be 270 + 11/(165/(-180)). Calculate the greatest common factor of n and 12.
6
Suppose t = 4*o - 25748, 10*o + 6446 = 11*o + 2*t. What is the greatest common factor of o and 116?
58
Let u = -7830 + 10209. Calculate the highest common factor of u and 351.
39
Let j = 2044 - 229. Suppose 2*b - 1212 = -4*s, -4*b + 7*b + 5*s - j = 0. What is the highest common factor of b and 60?
60
Suppose -11*w = -16*w - 4*n + 364, 5*w - 5*n - 355 = 0. Let x be (w - 0)*154/28. What is the greatest common divisor of x and 36?
36
Let g = -2663 + 2685. What is the highest common factor of g and 2354?
22
Suppose 25*m + 4*m - 1600 = 4896. Suppose 4*y = 421 - 37. What is the highest common factor of m and y?
32
Let v(o) = -6*o - 21. Let b = -39 - -39. Let y be v(b). Let g = -9 - y. Calculate the highest common factor of 12 and g.
12
Suppose 323939 = 53*b - 4*b. Calculate the highest common divisor of 11 and b.
11
Let p be (2/4)/(16/480). What is the highest common factor of 1145 and p?
5
Suppose 12573 + 440 = 91*t. What is the greatest common factor of t and 55?
11
Suppose -4 = 4*j, -20*m - 2*j + 619 = -17*m. Let g be (-4)/10*920/(-16). Calculate the greatest common factor of g and m.
23
Let t be (-3)/(1/((-224)/(-12))). Let m = -52 - t. Suppose -40 = m*l - 9*l. What is the highest common divisor of l and 72?
8
Let f be ((-7006)/(-6))/((-26)/(-226 - 8)). Calculate the greatest common factor of f and 62.
31
Let r(p) be the third derivative of 7*p**4/24 - 10*p**3/3 - 20*p**2. Suppose -19*q + 21*q = 16. Let w be r(q). What is the greatest common divisor of w and 12?
12
Let y be (9296/498)/(2/(-174)*-2). What is the greatest common factor of y and 580?
116
Let x be ((-15)/(-20))/(-1)*-36. Suppose -x = 8*l - 211. What is the highest common factor of 253 and l?
23
Let n(k) = 1. Let t(z) = -42*z - 83. Let d(f) = -3*n(f) - t(f). Let g be d(7). What is the greatest common divisor of 17 and g?
17
Let x be (-93)/(-7) + 4/(-14). Let b = x - -36. Let r = -28 + b. Calculate the highest common factor of r and 7.
7
Let h = 119 - 117. Suppose 0 = 5*m + 2*r + 150 - 530, -146 = -2*m - h*r. Suppose 0 = 6*z - 90 - m. What is the greatest common factor of z and 224?
28
Let t be -2 + (-10)/((780417/(-86715) + 9)*-5). What is the greatest common divisor of 3 and t?
3
Suppose -q - 346 = 2*t - 6*t, 0 = -3*t - 5*q + 248. Calculate the greatest common factor of t and 688.
86
Let q = 24 - -180. Let v(r) = 2*r**2 - 223*r - 2418. Let d be v(-10). What is the highest common divisor of d and q?
12
Suppose -7*m + 2200 = -796. What is the greatest common divisor of 4 and m?
4
Let c = -18 - -21. Let k(b) = -b**3 + 5*b**2 - 9. Let y be k(3). Suppose -4*r - 5*s - 8 = 0, -5*r = 5*s + y - 4. Calculate the highest common factor of r and c.
3
Let l = 40 + 44. Suppose 91*w - 12449 = -218*w + 4855. What is the highest common factor of w and l?
28
Let c(q) be the third derivative of q**5/60 + 13*q**4/24 - 5*q**3/6 - 137*q**2. Let r be c(-17). Calculate the highest common divisor of r and 27.
9
Let g(p) = 5*p**2 + 38*p + 20. Let q be g(-14). Calculate the greatest common divisor of q and 12.
12
Let b be -1 + (94 - -2)/3. Let z be 148 - 35/(-5 + 0). What is the highest common divisor of b and z?
31
Suppose 175 = 18*u + 1005 - 3854. What is the greatest common factor of u and 2142?
42
Let h = 296 - 48. Let g = 292 - h. Calculate the highest common divisor of g and 154.
22
Let k be 216/(-14)*(-3360)/2688*(-28)/(-10). Let w be 4 + 